hen 1/(-5)*-377 - (-15)/25 is divided by y?
11
Suppose 182*q = 176*q + 1584. Let j = q + -69. Calculate the remainder when j is divided by 65.
0
Calculate the remainder when 222 is divided by 336/12*(-7 - (-87)/12).
5
Let c be 5/1 + (184 - 2). Let a = c + -153. What is the remainder when 101 is divided by a?
33
Suppose 0 = 4*a + 5*u + 13 + 4, -4*a + 5*u + 33 = 0. What is the remainder when ((-39)/(-15) - a) + (-828)/(-20) is divided by 15?
12
Let g = 1645 + -1371. Calculate the remainder when g is divided by 14.
8
Let r = 13639 - 13466. What is the remainder when 10032 is divided by r?
171
Let m be ((-1)/(-3))/(11 - 476/42). Suppose 96 = 3*f - 69. Calculate the remainder when f/(-45) - m - 1572/(-27) is divided by 22.
14
Let y(q) = 10*q + 11. Let o = 376 - 93. Let h = o + -166. Calculate the remainder when h is divided by y(2).
24
Suppose -3*s = 3*i - 228, 5*i - 5*s = 7*i - 152. Let b = 95 + i. Calculate the remainder when b is divided by 45.
36
Let b(n) = 2*n**2 - 8*n + 63. Let q be b(19). Suppose 533 = -t + q. Calculate the remainder when t is divided by 34.
32
Suppose -5*q = -5*f + 435, -5*q + 509 - 192 = 3*f. Suppose 5*x - 154 + 14 = 0. Calculate the remainder when f is divided by x.
10
Let i be -6 + 150/24 - (-2)/(-8). Suppose i = -26*y + 21*y + 730. What is the remainder when -1*(-1)/2 + y/4 is divided by 19?
18
What is the remainder when (-514)/(-14) - (-4)/14 is divided by (21/14)/((-9)/54) + (26 - -2)?
18
Let w = -10210 + 10274. Calculate the remainder when 462 is divided by w.
14
Suppose -4*r + 3*p + 61 = -28, r = 4*p + 6. Calculate the remainder when 326 is divided by r.
14
Suppose -25*a + 4*y = -24*a - 101, -5*a = -4*y - 585. What is the remainder when a is divided by 62?
59
What is the remainder when 2*(7*8/(-84) - (-17530)/15) is divided by 65?
61
Let m = -27 + 125. Let w = m + -45. Calculate the remainder when 100 is divided by w.
47
Let l = 202 - 336. Calculate the remainder when 70 is divided by (-12)/72 - (2 - l/(-12)).
7
Suppose -149*z = -1755 - 10612. What is the remainder when 278 is divided by z?
29
Let y = 6 + -3. Suppose -d - y*d - 23 = -p, -4*d - 16 = 0. Suppose -r = -p - 59. What is the remainder when r is divided by 23?
20
Let a = 16131 + -15808. What is the remainder when a is divided by 39?
11
Let x(p) = p**2 - 33*p + 206. Suppose 2*n - 375 = -3*y, 20*y - 4*n - 375 = 17*y. What is the remainder when y is divided by x(27)?
37
Let r be 9/(-15) - (-24)/15. Suppose -2*y + 3*b - r = 0, 4*y + 0 = 4*b + 4. Suppose -78 = 2*j - y*j. What is the remainder when j is divided by 20?
19
Suppose 7651 + 24191 = 61*l. What is the remainder when l is divided by 90?
72
Calculate the remainder when ((-90234)/(-66) - -23) + (-2)/11 is divided by 16.
14
Suppose 4*h + 62 = 4*d + 9*h, 0 = -4*d - 4*h + 64. Let s = -160 - -170. What is the remainder when d is divided by s?
8
Suppose -6*c - 5*c + 231 = 0. Let k = c - 17. Calculate the remainder when k is divided by 4.
0
Suppose 3*s - s = 410. Suppose -2*u - w = -s, w - 5 = -0. What is the remainder when u is divided by 13?
9
Suppose 0 = -816*n + 808*n + 64. Suppose h - 120 = -7*h. Calculate the remainder when h is divided by n.
7
Let n(l) = -l**2 + 15*l + 150. Calculate the remainder when n(18) is divided by 48.
0
Suppose -37*r = 273 - 754. Calculate the remainder when 2*(-2)/(-8)*1634 is divided by r.
11
Suppose 0 = z - d - 8571, 2*z + 3*d + 4624 - 21741 = 0. Calculate the remainder when z is divided by 10.
6
What is the remainder when 1548 is divided by (-10 + 20 + -14)*-26*5/4?
118
Suppose -4*m = -174 + 142. Let k = 429 - 203. Calculate the remainder when k is divided by (-115)/(-2)*m/10.
42
Calculate the remainder when -3 + -1 + 8 - (4 - 768) is divided by 55.
53
Let g(b) be the second derivative of 11*b**5/20 - b**4/12 + b**3/3 - 87*b. Calculate the remainder when 621 is divided by g(1).
9
Suppose 129*w - 5907 + 399 = 27*w. Calculate the remainder when 754 is divided by w.
52
Let a(u) = u**3 + 17*u**2 - 30*u - 489. What is the remainder when 353 is divided by a(-16)?
106
Let m(h) = -607*h + 9192. What is the remainder when 489 is divided by m(15)?
54
Let y be (-10)/14*(-6 - 1). Suppose 2*a - 75 = y*a. Calculate the remainder when 42 is divided by a/20 - 53/(-4).
6
Let z = 336 + -328. Suppose -z*h + 4*h = a - 117, -104 = -3*h - 4*a. What is the remainder when 29 is divided by h?
1
Let l = 440 - 435. Suppose -47*b = -48*b + 49. What is the remainder when b is divided by l?
4
What is the remainder when (-4 - (-3)/(18/23))*2202/(-1) is divided by 66?
37
Let f(g) = -3*g + 5. Let q be f(5). Let y be ((-15)/100 + (-3)/12)*q. Suppose 130 = y*s - 10. Calculate the remainder when s is divided by 6.
5
Suppose 5*c - 96 = 2*y, -4*c + 3*y + 33 + 48 = 0. Suppose 2*w = -43 + 67. What is the remainder when c is divided by w?
6
Let r = 12357 + -12203. Calculate the remainder when 3538 is divided by r.
150
Let l = -3452 - -4266. What is the remainder when l is divided by 34?
32
What is the remainder when 24/((1/(-104))/(124/(-12) - -10)) is divided by 23?
4
Let s = -55 + 51. Let c be (-6 - (2 - 4)) + 5 + -5. What is the remainder when (-37*c/s)/(-1) is divided by 8?
5
Suppose -4*r = 13*r - 5*r. What is the remainder when 83 is divided by (5 - -1)*(r + 4 + -3)?
5
Let a(h) be the first derivative of 4*h**3 - h**2/2 + 9. Let b = -9 + 71. Calculate the remainder when b is divided by a(-1).
10
Let h(g) = -14*g**2 + 89*g - 11. What is the remainder when 88 is divided by h(6)?
12
Let w(s) = 2*s**3 + 5*s - 3. Let d(t) = -4*t**3 - 12*t + 6. Let f(v) = 2*d(v) + 5*w(v). Let j = -3 + 6. What is the remainder when f(j) is divided by 19?
16
Let n(h) = -688*h - 34. What is the remainder when n(-2) is divided by 133?
12
Suppose -4*r + 27 - 11 = 0, -r = 5*m - 109. Suppose -k - m*k + 1584 = 0. Calculate the remainder when 138 is divided by k.
66
Suppose -6*y + 1672 = -2000. Suppose 0 = -14*j + 10*j + y. What is the remainder when j is divided by 7?
6
Suppose -u - j = -61, -449*u = -451*u - 4*j + 126. Let m(x) = x**3 + x**2 + 6*x + 5. What is the remainder when m(6) is divided by u?
57
Suppose -2*a - 2*r + 38 = 0, a - 2*a = 4*r - 37. Suppose -148 - 156 = -4*t. What is the remainder when t is divided by a?
11
Let p(a) = -a**3 + 21*a**2 + 45*a + 177. What is the remainder when p(23) is divided by 80?
74
Let h(x) = 2*x**2 + 112*x + 122. Let n be h(-55). Let p = 53 + n. Calculate the remainder when p is divided by 14.
9
Let k = 2586 - 2569. Calculate the remainder when 50 is divided by k.
16
Let y be 7/7 + (-3 - 4). Let b be y/3 + ((-336)/(-3))/4. Suppose 0 = -d + 1 + b. Calculate the remainder when d is divided by 14.
13
Suppose -2*u - 557 = -m + 322, 4*u + 4401 = 5*m. Suppose -14*h + m = -477. Calculate the remainder when h is divided by 35.
27
Let t(p) = -6*p**2 + 31*p + 33. What is the remainder when 270 is divided by t(6)?
0
Let m = -48 - -102. What is the remainder when m is divided by (64/(-3) - -22)/(1*14/273)?
2
Calculate the remainder when 582 is divided by ((-32234)/(-1589))/(2/14).
14
Suppose -320 = -7*r - 270 + 181. Calculate the remainder when 372 is divided by r.
9
Let t be 1 + (-1)/(2*3/54). What is the remainder when 48 is divided by (t/(-12))/(36/594)?
4
What is the remainder when ((-137)/411)/((-2)/5004) is divided by 26?
2
Let d(l) = 33*l**2 - 4*l + 190. What is the remainder when d(12) is divided by 24?
22
Let g(b) = -b + 73. What is the remainder when 1061 is divided by g(32)?
36
Suppose 0 = -4*a + 12, 157 = -5*z - 0*z - a. Calculate the remainder when (-5 - z/7) + 4196/7 is divided by 75.
74
Suppose -k - 1 + 17 = 0. Let s(g) = -303*g + 3. Let u be s(-1). Suppose l + 81 + 231 = 5*t, 2*l - u = -5*t. What is the remainder when t is divided by k?
14
Let p(l) = -l**3 - 5*l**2 - 21*l - 101. Let g(n) = 5*n - 9. What is the remainder when g(10) is divided by p(-5)?
1
Let x = 615 + -373. Let u = x - 194. Calculate the remainder when 186 is divided by u.
42
Calculate the remainder when 558 is divided by 1958/77 + 7 - (-3)/(-7).
14
Let l(r) = -r**2 - 8*r + 8. Suppose -z = -2*v - 26, 0 = 4*v + 3*z + 31 + 11. Let a be (-1 - 2)*(-28)/v. Calculate the remainder when 35 is divided by l(a).
5
Suppose -4661*b = a - 4662*b - 118, a + 4*b = 108. What is the remainder when 491 is divided by a?
27
Let a(x) = 84*x - 2. Wha